lculate the highest common factor of 219 and 6.
3
What is the greatest common divisor of 350 and 28?
14
What is the highest common divisor of 1334 and 4?
2
What is the highest common factor of 1098 and 102?
6
Calculate the highest common divisor of 30 and 8790.
30
What is the greatest common divisor of 476 and 84?
28
What is the highest common factor of 112 and 64?
16
What is the highest common divisor of 40 and 9560?
40
What is the greatest common divisor of 294 and 84?
42
What is the highest common divisor of 308 and 528?
44
Calculate the greatest common factor of 16 and 1112.
8
What is the greatest common divisor of 69 and 115?
23
Calculate the greatest common factor of 1216 and 32.
32
What is the highest common divisor of 11232 and 39?
39
Calculate the greatest common divisor of 224 and 56.
56
What is the highest common divisor of 23 and 23?
23
Calculate the greatest common divisor of 243 and 621.
27
What is the greatest common divisor of 595 and 170?
85
What is the highest common divisor of 125 and 1000?
125
What is the greatest common factor of 2112 and 132?
132
Calculate the highest common divisor of 35 and 56.
7
Calculate the greatest common factor of 600 and 40.
40
Calculate the highest common divisor of 16 and 54.
2
What is the greatest common factor of 374 and 836?
22
Calculate the highest common factor of 182 and 43589.
91
What is the highest common divisor of 32 and 136?
8
Calculate the greatest common factor of 135 and 54.
27
Calculate the highest common divisor of 99 and 495.
99
Calculate the highest common divisor of 28 and 84.
28
Calculate the highest common factor of 1728 and 256.
64
Calculate the greatest common divisor of 985 and 591.
197
Calculate the highest common divisor of 4 and 508.
4
Calculate the greatest common factor of 230 and 1.
1
What is the highest common divisor of 450 and 3960?
90
Calculate the highest common divisor of 24 and 876.
12
What is the highest common divisor of 272 and 16?
16
Calculate the greatest common divisor of 2378 and 783.
29
Calculate the greatest common divisor of 4 and 96.
4
Calculate the highest common factor of 117 and 208.
13
What is the highest common divisor of 1090 and 20?
10
Calculate the highest common factor of 88 and 1276.
44
Calculate the highest common factor of 160 and 20.
20
What is the greatest common divisor of 34 and 850?
34
What is the highest common factor of 9890 and 90?
10
What is the greatest common factor of 102 and 138?
6
Calculate the highest common factor of 384 and 402.
6
Calculate the greatest common factor of 50 and 64450.
50
Calculate the highest common divisor of 384 and 3.
3
Calculate the greatest common divisor of 441 and 98.
49
Calculate the greatest common divisor of 46984 and 56.
56
Calculate the greatest common divisor of 1443 and 999.
111
Calculate the highest common factor of 106 and 6201.
53
Calculate the greatest common divisor of 1196 and 644.
92
Calculate the highest common divisor of 232 and 488.
8
Calculate the highest common divisor of 325 and 13.
13
What is the highest common factor of 5 and 415?
5
Calculate the greatest common divisor of 90 and 60.
30
What is the highest common divisor of 70 and 4865?
35
Calculate the highest common divisor of 54 and 72.
18
What is the greatest common divisor of 2808 and 864?
216
Calculate the greatest common divisor of 784 and 686.
98
What is the greatest common divisor of 410 and 7503?
41
What is the greatest common divisor of 129 and 215?
43
What is the highest common factor of 4 and 972?
4
What is the highest common divisor of 3845 and 15?
5
Calculate the highest common factor of 141 and 51.
3
Calculate the greatest common divisor of 742 and 14.
14
What is the highest common divisor of 104 and 13208?
104
Calculate the greatest common divisor of 218 and 4033.
109
What is the greatest common factor of 216 and 945?
27
Calculate the highest common divisor of 24 and 392.
8
Calculate the highest common divisor of 180 and 252.
36
What is the highest common factor of 42 and 231?
21
Calculate the greatest common factor of 171 and 95.
19
What is the highest common factor of 12 and 996?
12
What is the greatest common divisor of 8 and 1208?
8
What is the greatest common divisor of 194 and 485?
97
Calculate the highest common factor of 6708 and 312.
156
What is the greatest common divisor of 276 and 483?
69
Calculate the greatest common divisor of 208 and 16.
16
What is the greatest common divisor of 15834 and 28?
14
Calculate the highest common divisor of 240 and 615.
15
Calculate the greatest common divisor of 91 and 98.
7
What is the greatest common factor of 27 and 144?
9
What is the highest common divisor of 14 and 434?
14
Calculate the greatest common divisor of 704 and 544.
32
Calculate the greatest common divisor of 72 and 15360.
24
What is the greatest common factor of 472 and 59?
59
Calculate the highest common divisor of 4464 and 186.
186
Calculate the highest common factor of 17 and 31.
1
Calculate the highest common factor of 16 and 6064.
16
Calculate the greatest common factor of 498 and 456.
6
What is the highest common factor of 2590 and 280?
70
What is the greatest common divisor of 1 and 50?
1
Calculate the highest common factor of 507 and 3185.
13
Calculate the greatest common divisor of 16345 and 14.
7
Calculate the greatest common factor of 51 and 6.
3
What is the greatest common divisor of 6147 and 54?
9
Calculate the highest common factor of 55 and 1232.
11
Calculate the greatest common factor of 48564 and 9.
9
Calculate the greatest common divisor of 820 and 340.
20
Calculate the greatest common divisor of 116 and 57826.
58
Calculate the greatest common factor of 714 and 126.
42
Calculate the greatest common factor of 15 and 40.
5
Calculate the highest common factor of 146 and 12994.
146
What is the greatest common divisor of 1005 and 45?
15
Calculate the highest common divisor of 27 and 63.
9
What is the greatest common factor of 3735 and 83?
83
Calculate the greatest common factor of 9 and 15.
3
Calculate the highest common divisor of 6 and 12036.
6
Calculate the highest common factor of 3951 and 27.
9
Calculate the greatest common factor of 1316 and 282.
94
Calculate the greatest common factor of 4402 and 568.
142
What is the greatest common divisor of 48 and 192?
48
What is the highest common divisor of 1056 and 176?
176
Calculate the greatest common factor of 900 and 1440.
180
What is the greatest common factor of 1037 and 61?
61
What is the highest common divisor of 6 and 6?
6
Calculate the greatest common divisor of 16407 and 9.
9
Calculate the highest common factor of 19 and 24.
1
What is the highest common factor of 184 and 1196?
92
What is the highest common divisor of 7 and 749?
7
Calculate the greatest common factor of 110 and 20.
10
Calculate the highest common factor of 9 and 12.
3
Calculate the greatest common divisor of 123 and 82.
41
What is the greatest common factor of 345 and 255?
15
Calculate the highest common divisor of 170 and 80.
10
What is the highest common factor of 6380 and 180?
20
Calculate the highest common divisor of 15 and 285.
15
What is the highest common divisor of 72 and 25992?
72
What is the greatest common divisor of 208 and 16?
16
Calculate the highest common factor of 355 and 15.
5
What is the highest common divisor of 469 and 7?
7
What is the greatest common factor of 9 and 11?
1
Calculate the highest common divisor of 39 and 6.
3
What is the highest common divisor of 100 and 175?
25
Calculate the greatest common divisor of 13 and 1157.
13
Calculate the greatest common divisor of 92 and 598.
46
Calculate the greatest common factor of 33 and 825.
33
What is the highest common factor of 784 and 16?
16
Calculate the highest common factor of 81 and 1.
1
Calculate the highest common factor of 5202 and 17.
17
What is the greatest common divisor of 66 and 22?
22
Calculate the greatest common divisor of 1189 and 261.
29
Calculate the greatest common divisor of 6 and 356.
2
Calculate the highest common divisor of 2184 and 42.
42
What is the greatest common divisor of 2516 and 4736?
148
What is the greatest common divisor of 1176 and 24?
24
Calculate the greatest common factor of 140 and 35.
35
Calculate the greatest common divisor of 2529 and 9.
9
What i